{"version":"1.0","provider_name":"47th Annual Conference on Oceans Law and Policy (COLP47)","provider_url":"https:\/\/conferences.wmu.se\/colp47","title":"H.E.Juan Del Carmen Haro Mu\u00f1oz - 47th Annual Conference on Oceans Law and Policy (COLP47)","type":"rich","width":600,"height":338,"html":"<blockquote class=\"wp-embedded-content\" data-secret=\"MyikaMPKr9\"><a href=\"https:\/\/conferences.wmu.se\/colp47\/h-e-juan-del-carmen-haro-munoz\/\">H.E.Juan Del Carmen Haro Mu\u00f1oz<\/a><\/blockquote><iframe sandbox=\"allow-scripts\" security=\"restricted\" src=\"https:\/\/conferences.wmu.se\/colp47\/h-e-juan-del-carmen-haro-munoz\/embed\/#?secret=MyikaMPKr9\" width=\"600\" height=\"338\" title=\"&#8220;H.E.Juan Del Carmen Haro Mu\u00f1oz&#8221; &#8212; 47th Annual Conference on Oceans Law and Policy (COLP47)\" data-secret=\"MyikaMPKr9\" frameborder=\"0\" marginwidth=\"0\" marginheight=\"0\" scrolling=\"no\" class=\"wp-embedded-content\"><\/iframe><script type=\"text\/javascript\">\n\/* <![CDATA[ *\/\n\/*! This file is auto-generated *\/\n!function(d,l){\"use strict\";l.querySelector&&d.addEventListener&&\"undefined\"!=typeof URL&&(d.wp=d.wp||{},d.wp.receiveEmbedMessage||(d.wp.receiveEmbedMessage=function(e){var t=e.data;if((t||t.secret||t.message||t.value)&&!\/[^a-zA-Z0-9]\/.test(t.secret)){for(var s,r,n,a=l.querySelectorAll('iframe[data-secret=\"'+t.secret+'\"]'),o=l.querySelectorAll('blockquote[data-secret=\"'+t.secret+'\"]'),c=new RegExp(\"^https?:$\",\"i\"),i=0;i<o.length;i++)o[i].style.display=\"none\";for(i=0;i<a.length;i++)s=a[i],e.source===s.contentWindow&&(s.removeAttribute(\"style\"),\"height\"===t.message?(1e3<(r=parseInt(t.value,10))?r=1e3:~~r<200&&(r=200),s.height=r):\"link\"===t.message&&(r=new URL(s.getAttribute(\"src\")),n=new URL(t.value),c.test(n.protocol))&&n.host===r.host&&l.activeElement===s&&(d.top.location.href=t.value))}},d.addEventListener(\"message\",d.wp.receiveEmbedMessage,!1),l.addEventListener(\"DOMContentLoaded\",function(){for(var e,t,s=l.querySelectorAll(\"iframe.wp-embedded-content\"),r=0;r<s.length;r++)(t=(e=s[r]).getAttribute(\"data-secret\"))||(t=Math.random().toString(36).substring(2,12),e.src+=\"#?secret=\"+t,e.setAttribute(\"data-secret\",t)),e.contentWindow.postMessage({message:\"ready\",secret:t},\"*\")},!1)))}(window,document);\n\/\/# sourceURL=https:\/\/conferences.wmu.se\/colp47\/wp-includes\/js\/wp-embed.min.js\n\/* ]]> *\/\n<\/script>\n","thumbnail_url":"http:\/\/conferences.wmu.se\/colp47\/wp-content\/uploads\/sites\/27\/2024\/08\/Viceministro-Haro.jpeg","thumbnail_width":1200,"thumbnail_height":1200,"description":"Vice Minister of Territorial Governance, Presidency of Council of Minister and President of the Multisectoral Commission of the State Action in the Maritime Sphere, Peru Viceministro de Gobernanza Territorial, Presidencia del Consejo de Ministros y Presidente de la Comisi\u00f3n Multisectorial de la Acci\u00f3n del Estado en el \u00c1mbito Mar\u00edtimo, Per\u00fa Certified agricultural engineer, graduated from [&hellip;]"}

H.E.Juan Del Carmen Haro Muñoz - 47th Annual Conference on Oceans Law and Policy (COLP47)

<blockquote class="wp-embedded-content" data-secret="MyikaMPKr9"><a href="https://conferences.wmu.se/colp47/h-e-juan-del-carmen-haro-munoz/">H.E.Juan Del Carmen Haro Muñoz</a></blockquote><iframe sandbox="allow-scripts" security="restricted" src="https://conferences.wmu.se/colp47/h-e-juan-del-carmen-haro-munoz/embed/#?secret=MyikaMPKr9" width="600" height="338" title="&#8220;H.E.Juan Del Carmen Haro Muñoz&#8221; &#8212; 47th Annual Conference on Oceans Law and Policy (COLP47)" data-secret="MyikaMPKr9" frameborder="0" marginwidth="0" marginheight="0" scrolling="no" class="wp-embedded-content"></iframe><script type="text/javascript">
/* <![CDATA[ */
/*! This file is auto-generated */
!function(d,l){"use strict";l.querySelector&&d.addEventListener&&"undefined"!=typeof URL&&(d.wp=d.wp||{},d.wp.receiveEmbedMessage||(d.wp.receiveEmbedMessage=function(e){var t=e.data;if((t||t.secret||t.message||t.value)&&!/[^a-zA-Z0-9]/.test(t.secret)){for(var s,r,n,a=l.querySelectorAll('iframe[data-secret="'+t.secret+'"]'),o=l.querySelectorAll('blockquote[data-secret="'+t.secret+'"]'),c=new RegExp("^https?:$","i"),i=0;i<o.length;i++)o[i].style.display="none";for(i=0;i<a.length;i++)s=a[i],e.source===s.contentWindow&&(s.removeAttribute("style"),"height"===t.message?(1e3<(r=parseInt(t.value,10))?r=1e3:~~r<200&&(r=200),s.height=r):"link"===t.message&&(r=new URL(s.getAttribute("src")),n=new URL(t.value),c.test(n.protocol))&&n.host===r.host&&l.activeElement===s&&(d.top.location.href=t.value))}},d.addEventListener("message",d.wp.receiveEmbedMessage,!1),l.addEventListener("DOMContentLoaded",function(){for(var e,t,s=l.querySelectorAll("iframe.wp-embedded-content"),r=0;r<s.length;r++)(t=(e=s[r]).getAttribute("data-secret"))||(t=Math.random().toString(36).substring(2,12),e.src+="#?secret="+t,e.setAttribute("data-secret",t)),e.contentWindow.postMessage({message:"ready",secret:t},"*")},!1)))}(window,document);
//# sourceURL=https://conferences.wmu.se/colp47/wp-includes/js/wp-embed.min.js
/* ]]> */
</script>

Vice Minister of Territorial Governance, Presidency of Council of Minister and President of the Multisectoral Commission of the State Action in the Maritime Sphere, Peru Viceministro de Gobernanza Territorial, Presidencia del Consejo de Ministros y Presidente de la Comisión Multisectorial de la Acción del Estado en el Ámbito Marítimo, Perú Certified agricultural engineer, graduated from [&hellip;]
